
Calculate the highest common factor of 64 and 708642432.
64
What is the highest common factor of 85233837 and 2208?
69
Calculate the highest common factor of 722642 and 584.
2
Calculate the highest common factor of 17556 and 1678488.
84
Calculate the greatest common factor of 3412 and 149138520.
3412
What is the highest common divisor of 12813 and 402332471?
4271
What is the greatest common factor of 274339 and 30238?
13
Calculate the highest common factor of 350 and 2112725.
25
Calculate the highest common divisor of 339268346 and 1186.
1186
Calculate the highest common divisor of 26562515 and 70.
35
What is the greatest common divisor of 34453087 and 8407?
1201
What is the highest common divisor of 25522700 and 140?
140
Calculate the highest common divisor of 1100530 and 35905.
835
What is the highest common divisor of 8455 and 2720091870?
8455
What is the highest common divisor of 98125 and 2376195?
785
Calculate the highest common factor of 42031 and 554320112.
3821
What is the highest common factor of 316355 and 18055?
785
Calculate the greatest common factor of 136 and 10341236.
68
Calculate the highest common factor of 142 and 327396478.
142
What is the greatest common divisor of 3579 and 602450684?
1193
Calculate the greatest common divisor of 62233198 and 1501.
79
What is the greatest common divisor of 3367227078 and 54?
54
What is the greatest common factor of 7609536 and 192?
192
What is the highest common divisor of 2 and 8779520?
2
What is the highest common factor of 6757785 and 31405?
2855
What is the highest common factor of 43132725 and 15900?
3975
Calculate the greatest common divisor of 128272 and 416896.
16
Calculate the highest common divisor of 250 and 25423460.
10
What is the highest common factor of 217565482 and 29?
29
What is the greatest common factor of 5072589 and 1332?
333
What is the greatest common divisor of 612 and 1283092?
68
What is the highest common divisor of 333210569 and 538?
269
What is the highest common divisor of 4025 and 4284325?
575
Calculate the highest common factor of 11391 and 662496763.
3797
Calculate the highest common divisor of 21772303 and 1281.
427
What is the highest common factor of 1883307 and 7383?
321
What is the highest common divisor of 27637615 and 1730?
865
What is the greatest common factor of 98 and 89266?
2
Calculate the greatest common factor of 1826 and 1019678.
22
What is the highest common divisor of 639 and 28090653?
213
Calculate the highest common factor of 1745 and 164100847.
349
Calculate the highest common divisor of 16132643 and 68.
17
Calculate the greatest common divisor of 2274618060 and 6435.
6435
Calculate the highest common divisor of 37077360 and 93480.
2280
What is the highest common factor of 10 and 19350680?
10
What is the greatest common divisor of 930 and 1932150?
30
Calculate the greatest common divisor of 10473573 and 144771.
1353
What is the highest common divisor of 9045 and 2485485?
135
What is the greatest common divisor of 845 and 37945?
5
What is the highest common divisor of 58 and 51245059?
29
Calculate the greatest common factor of 143354796 and 11530.
2306
What is the greatest common factor of 1375931693 and 18274?
9137
What is the highest common factor of 6036209 and 22837?
557
What is the highest common divisor of 545570 and 306500?
6130
What is the highest common factor of 48 and 1951888?
16
What is the highest common divisor of 1942318 and 1904?
238
Calculate the greatest common divisor of 703740 and 666.
222
Calculate the greatest common factor of 558770772 and 1596.
1596
What is the highest common factor of 38 and 1012277326?
38
Calculate the highest common factor of 4654 and 3308278.
358
What is the highest common divisor of 39 and 35055318?
3
Calculate the highest common divisor of 14590280 and 690.
230
Calculate the highest common factor of 4156 and 3315449.
1039
What is the highest common divisor of 175717347 and 1671?
1671
What is the highest common factor of 4 and 99348088?
4
What is the highest common divisor of 255 and 576933930?
255
What is the greatest common divisor of 46495502 and 908?
454
What is the greatest common factor of 309406630 and 442?
442
Calculate the greatest common divisor of 962 and 3927638.
26
What is the greatest common factor of 165471 and 7182?
57
What is the highest common divisor of 104345504 and 248?
248
What is the highest common factor of 3494679 and 5360547?
7647
What is the highest common divisor of 20178340 and 1540?
140
What is the highest common factor of 2637 and 24606726?
879
What is the greatest common divisor of 239 and 701553191?
239
What is the highest common divisor of 1787 and 44879?
1
Calculate the greatest common divisor of 6582066 and 4731.
249
Calculate the highest common divisor of 28280011 and 3097.
163
What is the greatest common divisor of 1985196 and 5472?
228
What is the highest common factor of 61929216 and 256?
256
What is the greatest common divisor of 939174912 and 720?
144
What is the greatest common divisor of 832 and 14909024?
416
Calculate the highest common factor of 526 and 844995856.
526
Calculate the greatest common divisor of 468 and 45413460.
36
What is the greatest common divisor of 2856 and 791759598?
714
What is the greatest common divisor of 72 and 29790408?
24
Calculate the highest common factor of 34163 and 16002.
127
What is the greatest common factor of 79712782 and 32?
2
What is the greatest common divisor of 21944 and 96356?
52
What is the greatest common factor of 13410823 and 353?
353
Calculate the greatest common factor of 7051 and 940871338.
7051
What is the highest common divisor of 515260 and 130?
10
Calculate the greatest common divisor of 408366 and 1211427.
441
Calculate the highest common divisor of 192 and 1911048.
24
Calculate the greatest common factor of 1106 and 141759338.
1106
Calculate the highest common divisor of 444 and 3619821.
111
What is the highest common divisor of 2390 and 112929890?
2390
Calculate the greatest common divisor of 136346 and 5166.
14
What is the highest common factor of 113528772 and 2016?
252
What is the highest common divisor of 2708806 and 16850?
674
What is the highest common divisor of 8083 and 1558786?
137
Calculate the greatest common divisor of 22018 and 46561.
101
Calculate the highest common divisor of 9515631 and 221.
17
Calculate the highest common factor of 1024604 and 16100.
644
Calculate the greatest common divisor of 360360 and 6760.
520
Calculate the highest common divisor of 72375 and 23895.
15
Calculate the highest common divisor of 32157272 and 56.
56
What is the greatest common factor of 4464 and 404856?
72
What is the greatest common factor of 632524 and 40328506?
10202
Calculate the highest common divisor of 748 and 3197612.
44
Calculate the greatest common divisor of 6910332 and 702.
78
What is the highest common divisor of 152596730 and 327?
109
Calculate the highest common divisor of 155928 and 708.
12
What is the greatest common divisor of 52145911 and 1708?
61
Calculate the highest common divisor of 31125 and 483375.
375
Calculate the highest common factor of 50 and 18476570.
10
What is the highest common factor of 21759232 and 4224?
1408
What is the greatest common divisor of 231790709 and 57?
19
What is the greatest common divisor of 54 and 4058258814?
54
What is the greatest common divisor of 321 and 20113325?
107
Calculate the highest common divisor of 37980 and 30427044.
2532
What is the highest common divisor of 133315 and 93275?
455
Calculate the greatest common divisor of 151296 and 1055526.
1182
Calculate the highest common divisor of 84 and 125895777.
21
What is the highest common factor of 65 and 7744399?
13
Calculate the greatest common divisor of 1561079890 and 10.
10
What is the greatest common divisor of 590182233 and 24291?
8097
What is the highest common factor of 93148505 and 199870?
9085
Calculate the greatest common divisor of 841368 and 9240.
264
What is the highest common divisor of 6198971 and 5687?
47
What is the highest common divisor of 3749 and 768008893?
3749
What is the greatest common factor of 300 and 764420600?
100
What is the highest common divisor of 235293 and 1034263?
733
Calculate the highest common factor of 52 and 19813352.
52
What is the hig